 3*o + 1. Let v be r(1). Let f = v - 42. What is the highest common divisor of 32 and f?
16
Suppose -208*t = -207*t - 42. Calculate the highest common divisor of 14 and t.
14
Let i = -71 - -79. Calculate the highest common factor of i and 24.
8
Let r(t) = -t**3 + 5*t**2 - 4*t + 4. Let h be r(-4). Suppose -4*k - 5*j = -j - h, j - 1 = 0. Calculate the highest common factor of 8 and k.
8
Let c(a) = 2*a**3 - 9*a**2 + 9*a. Let p be c(6). Let x = 238 - p. Suppose -8*j + x = -4*j. What is the highest common factor of 76 and j?
19
Let u(c) = 3*c**3 - c**2 + 19*c - 38. Let b be u(2). Calculate the greatest common factor of 110 and b.
10
Suppose 4*z - 9 = -q, -1 = -4*q + 3*q. Suppose 0 = -3*d - z*d + 20. Calculate the highest common factor of d and 4.
4
Suppose -2*s = -4*s + 52. Let w = 62 - -57. Suppose -4*d = 4*c - 228, -c - 3*d + w = c. Calculate the highest common factor of s and c.
26
Suppose 4*l + 16 = 2*a, -5*a + 1 = -3*l + 6*l. Let d be a/((-1)/(81/(-6))). Calculate the highest common divisor of 27 and d.
27
Suppose 0 = -146*l + 138*l + 4320. What is the greatest common divisor of 30 and l?
30
Let n(b) = -46*b - 70. Let v be n(-3). Calculate the highest common factor of 34 and v.
34
Let z be (13/39)/(1/(-12)). Let p = 30 + z. Let b(r) = -r**2 + r + 13. Let a be b(0). Calculate the greatest common divisor of a and p.
13
Let o = 93 - -173. Calculate the greatest common divisor of o and 152.
38
Let h = 7 - 4. Suppose -h*l + 43 = -29. What is the greatest common divisor of 168 and l?
24
Let t(v) = v**3 - 12*v**2 + 11*v. Let k be t(11). Suppose 5*o - a - 46 + 0 = k, 5*o - 3*a - 48 = 0. What is the greatest common factor of o and 3?
3
Suppose 0 = 3*o + o - 28. Suppose 1 = 2*a - o. Suppose -72 = -a*x - 4*b, 2*b = -2*b + 20. Calculate the greatest common divisor of 39 and x.
13
Let i = 7 + -2. Suppose i*q + 13 = -5*j + 53, -q - 5*j = 0. What is the highest common divisor of 110 and q?
10
Suppose 0 = -8*v - 9*v + 680. What is the greatest common factor of v and 60?
20
Let o be (-19)/95 - (-42)/10. Suppose 5*z - 2*v = -v + 123, 4*z + o*v = 108. Calculate the highest common divisor of 275 and z.
25
Let i(j) = -4*j + 1. Let r be i(-1). Suppose -5*v + r + 10 = 0. Let s = 2 + 4. Calculate the highest common divisor of v and s.
3
Let y(u) = u**3 - 2*u**2 + 3*u - 1. Let m be y(2). Let c = m - -16. What is the greatest common factor of 7 and c?
7
Let m(v) = 2*v**2 - 5*v + 3. Let a be m(8). Suppose -2*x = z - 2*z + 85, -z - 4*x = -a. Suppose -5*g + 313 = -z. What is the highest common factor of g and 16?
16
Let f = -818 + 883. Calculate the highest common factor of 208 and f.
13
Suppose 22 = 4*k - 2*k. Let v(o) = -1. Let j(x) = x**2 - 11*x. Let n(i) = -j(i) - 3*v(i). Let u be n(k). Calculate the greatest common factor of 24 and u.
3
Let c be (-948)/(-20) - 3/(-5). Calculate the highest common divisor of 16 and c.
16
Suppose 0*v + 3*v - 5*j = 107, -138 = -4*v + 2*j. Suppose 0 = -3*a + w + v, 0 = -5*a - 2*w + 7*w + 50. What is the highest common divisor of a and 30?
6
Let f(c) = 2*c + 25. Let j be f(-14). Let w be (-1)/j - (-1488)/72. What is the highest common factor of 273 and w?
21
Let j = 39 - 18. Let l(g) = g + 1. Let w(u) = 3*u - 10. Let d(c) = 2*l(c) - w(c). Let t be d(9). Calculate the greatest common divisor of j and t.
3
Let m(s) be the first derivative of -9*s**2 + 8. Let v be m(-1). Calculate the highest common factor of 72 and v.
18
Let q = 267 + -245. Let a = -181 + 379. Calculate the highest common divisor of a and q.
22
Let y be ((-216)/(-30))/(1/5). What is the highest common divisor of 48 and y?
12
Suppose 21*f = 18*f. Suppose 4*y - 912 - 928 = f. Suppose -4*p + 2*n + y = -p, 0 = 5*p - 3*n - 766. What is the greatest common factor of p and 19?
19
Suppose a - 7 = -2*j + 31, -a + 3*j = -18. Let x(o) = -o**3 + 7*o**2 + 7*o - 4. Let n be x(8). Let c = n + 27. Calculate the greatest common factor of a and c.
15
Let o(y) = -2*y + 84. Let u be o(14). Calculate the highest common factor of u and 8.
8
Let o be 3*1 + 9 + -10. Let f be 14*o/((-16)/44). Let y = -52 - f. Calculate the greatest common divisor of 175 and y.
25
Let h = -6 - -8. Let j(p) = -9*p + 6 + 6*p**2 + 12 - 6 - 5*p**h. Let c be j(8). What is the greatest common divisor of 12 and c?
4
Let r be ((-4)/(-14))/(1/7). Suppose -5*t - 33 = -r*a, -5*a - t + 33 = 3*t. What is the highest common factor of 63 and a?
9
Let j = 97 - 46. Let s = 70 - j. Suppose 2*y = 4*v - 162, -2*v - 2*v + 5*y + 177 = 0. What is the greatest common divisor of v and s?
19
Suppose 14*y = 159 + 443. Calculate the highest common divisor of 559 and y.
43
Let r = 13 + -9. Suppose 3*s - 33 = a - 5*a, r*s - a = 63. Let w = s + -3. Calculate the highest common divisor of 96 and w.
12
Let q(y) = -y**3 - y**2 + 2. Let k be q(0). Suppose -20*c = 669 - 1189. What is the highest common divisor of k and c?
2
Suppose -5*d - 3*d + 6224 = 0. Let v = d + -526. Let u(x) = x**3 + 8*x**2 + 8*x + 4. Let n be u(-6). What is the highest common factor of n and v?
28
Let w(q) = -q**2 + q + 80. Let c be w(0). Let n(r) = r**3 - r**2 - 37*r + 50. Let a be n(6). Calculate the highest common factor of c and a.
8
Suppose 0*k + k = b - 5, k = 4*b - 29. Let w be b/6*-2*-6. Let x be (-612)/(-27) - -8 - 8/(-6). What is the greatest common factor of x and w?
16
Let m = -100 + 113. Suppose -n = -2*n + 91. What is the highest common factor of n and m?
13
Let f = 64 - 87. Let v = f - -45. Calculate the highest common factor of v and 99.
11
Suppose 2*s + 0*s = 8, -5*z - 3*s = 153. Let k = 17 - z. Let h = k + 6. What is the highest common factor of 14 and h?
14
Let i(w) = -4*w + 30. Let u be i(-5). Calculate the greatest common divisor of 200 and u.
50
Let o be -2 - (2 + -1 + -19). Let v = 14 - -18. Let m be v/(-4*(-4)/32). Calculate the highest common factor of o and m.
16
Suppose -5*y = 5*l - 10, -2*l = -5*y + 8*y + 1. What is the highest common divisor of 112 and l?
7
Suppose -2*d + 18 + 22 = 0. Let h(s) = -3*s + 52. Let b be h(14). What is the greatest common divisor of d and b?
10
Suppose -4*o = -20 - 32. Suppose 15*b - 936 = 9*b. What is the greatest common divisor of b and o?
13
Suppose -8 = -n - 4*j, -j = -n - 3*n + 15. Let x = -17 + 25. Suppose x = -0*q + n*q. What is the highest common divisor of 14 and q?
2
Suppose -2*y + 9 = -3*f + 36, -2*f + 17 = -y. Suppose -3*c = -f*c + 120. Calculate the highest common divisor of c and 6.
6
Let k(z) = 8*z - 67. Let m(a) = -4*a + 33. Let b(r) = -4*k(r) - 7*m(r). Let i be b(-22). Calculate the greatest common factor of 25 and i.
25
Suppose -4*g = 8 - 0, 5*x - 4*g - 2828 = 0. Calculate the highest common factor of 12 and x.
12
Suppose 13 - 53 = 5*t - 5*p, 0 = -4*t + 2*p - 40. Let w be (-1 - -2) + (-3)/(t/1148). What is the highest common factor of 36 and w?
36
Suppose -30*h + 33 = -28*h + 5*c, -4*h + 4*c = -24. What is the greatest common divisor of 2034 and h?
9
Suppose 3*p + k - 39 = -k, -4*p + 3*k + 52 = 0. Suppose m = 4*d - 21 + 113, -505 = -5*m + 5*d. Calculate the highest common factor of m and p.
13
Let o(g) = g**3 - 8*g**2 - 9*g - 2. Let l be o(9). Let d be 14 + l/(2/3). What is the greatest common divisor of d and 121?
11
Let o be 3/(((-3)/(-8))/1). Let f = -27 + 19. Let d = f - -96. What is the greatest common factor of d and o?
8
Let g = -13 + 27. Suppose 4*v - 6 = g. Calculate the greatest common divisor of v and 40.
5
Suppose 2*b + 4*g - 32 = 0, 5*b - 7*b + 3*g + 25 = 0. Calculate the greatest common divisor of 203 and b.
7
Let p(z) = 3*z - 1. Let h be p(2). Suppose 0 = -5*v + 5*d + 5, -h*v = -2*d - 0*d - 5. Calculate the greatest common divisor of v and 10.
1
Suppose 0 = -5*z + 9 + 1. Suppose 3*i - 17 = -z. What is the greatest common divisor of i and 35?
5
Let s = -205 + 265. Let q = -10 + 54. Suppose 2*h = -h + g + q, -2*g + 47 = 3*h. Calculate the greatest common divisor of s and h.
15
Let c be 2468/12 + (-4)/(24/(-2)). Suppose -2*k = -2*i + c, k = 2*i + 5*k - 188. What is the highest common factor of i and 10?
10
Suppose -39*w = -29*w - 230. Calculate the highest common factor of w and 46.
23
Let v be ((-1)/3)/(((-6)/2)/27). Suppose -v*o + 3*a + 273 = -0*o, 3*o = -3*a + 273. Let x = 11 + 2. Calculate the greatest common factor of o and x.
13
Suppose 0 = -n + 4*n - 1698. Suppose -3*a - n = -5*m 